*h + p*b = 5*b - 124, 0 = h - 5*b - 68. What are the prime factors of h?
2, 3
Let q = -271 + 424. List the prime factors of q.
3, 17
Suppose 13 = -3*h + 7. List the prime factors of (0 + -2 + -2)*h.
2
Suppose -2*u = w - 57, 10 = 5*u - 4*w - 113. List the prime factors of u.
3
Let n(z) = 6*z - 10. List the prime factors of n(5).
2, 5
Let n be (-5)/((-25)/8)*5. Suppose -2*v + n = -66. List the prime factors of v.
37
Let w(g) = -2*g**3 - 3*g**2 - g + 1. Let x be w(-2). Let z = 11 - x. List the prime factors of z.
2
Let u(q) = 87*q**2 - 3*q - 2. List the prime factors of u(-1).
2, 11
What are the prime factors of 6/(-42) - 246/(-7)?
5, 7
Let v(x) = -5*x**3 + 8*x**2 - 5*x - 5. Let m(c) = 6*c**3 - 9*c**2 + 6*c + 6. Let a(f) = -6*m(f) - 7*v(f). Let j be -1*3/2*2. List the prime factors of a(j).
11
Suppose -137 = 4*q - 17. Let a = q - -12. Let k = a + 26. List the prime factors of k.
2
Suppose 3*r - v + 4*v - 759 = 0, 20 = -5*v. What are the prime factors of r?
257
Let z = -7 - -9. Suppose -z*u = 4*o + 78, -o - 3*u - 45 = o. List the prime factors of (-3)/(-2) + o/(-12).
3
Suppose -3*d - 5*z - 12 = -d, 0 = -z. Let s be d/(-24) + 11/4. Suppose -4*t = i - 11, -2*i = i - 3*t - s. List the prime factors of i.
3
Suppose 75 = 2*b - 153. What are the prime factors of b?
2, 3, 19
Suppose 2*g - 112 = 6*g. What are the prime factors of (-596)/g - (-4)/(-14)?
3, 7
Let r(w) = -8*w - 4. Let t be r(-6). Suppose t = 4*b + 4*z, -4*z = 5*b - 0*z - 52. List the prime factors of b.
2
Let o(z) = z**3 + 8*z**2 - 9*z + 5. Suppose 0 = k + 8 + 1. What are the prime factors of o(k)?
5
What are the prime factors of (-12)/(-4) + 31 + 1?
5, 7
Suppose 0 = 2*t - 0*r - 2*r - 78, -75 = -2*t + 5*r. Suppose -5*x + 3*v = v - t, -5*x = -5*v - 25. What are the prime factors of x?
2, 5
What are the prime factors of (41/(-12)*3)/((-1)/4)?
41
Suppose 2*w + 1762 = 7*w + 2*v, 3*v = -4*w + 1404. What are the prime factors of w?
2, 3, 59
Suppose -37*j + 39*j = 38. List the prime factors of j.
19
Suppose 0 = 2*p - 14. Let h(y) be the third derivative of y**6/120 - 2*y**5/15 + 5*y**4/12 - y**3/2 - 25*y**2. List the prime factors of h(p).
2, 3
Let i(j) = -j**2 - j + 97. What are the prime factors of i(0)?
97
Let o = 189 - 107. What are the prime factors of o?
2, 41
List the prime factors of (62/16*2)/((-2)/(-24)).
3, 31
Let q = 41 + -15. Let c = -8 + q. Suppose -4*f + c = -3*f. What are the prime factors of f?
2, 3
Let x = 34 - 32. What are the prime factors of x?
2
Suppose 2*v - 4*j + 4 = 0, 5*j - 5 = -3*v - 0*j. Suppose v*a = -a - 3, 5*a - 5 = -4*n. Suppose 0*h - 40 = -n*h. List the prime factors of h.
2
Suppose 2*p = -5*n + 194, 2*n + 0*p - 80 = -2*p. What are the prime factors of n?
2, 19
Let g be (-2)/(-3) - 12/(-9). Suppose -3*w + 1 = -4*z, -3*w - g = -z - 0*z. List the prime factors of (18/(-21))/(w/7).
2, 3
Let h(x) = -x**3 + 2*x**2 + 4*x + 3. Let f = -5 + 3. List the prime factors of h(f).
11
Suppose -6*o + o + 255 = 0. What are the prime factors of o?
3, 17
Suppose -3*a = 48 - 252. Let x = a + -45. What are the prime factors of x?
23
Let a(h) = -h**3 + h**2 - h - 1. Let m be a(0). Let j = m + 2. Let f = j - -1. What are the prime factors of f?
2
Suppose 0 = p - z - 9, -4*p + 3*z = -40 + 8. List the prime factors of ((-12)/10)/(p/(-25)).
2, 3
Let d(j) = -j + 12. Let q be -3*(10/(-6) + -1). Let v(w) = w**3 - 9*w**2 + 8*w. Let x be v(q). What are the prime factors of d(x)?
2, 3
Let a(w) = 2*w - 15. Let n be a(10). Suppose -34 = -l - n*v, 2*v = -0*v + 10. List the prime factors of l.
3
Suppose 9 - 52 = 5*c + 2*l, 0 = 2*l + 8. Let t = 11 + c. List the prime factors of t.
2
Let u(r) = -r - 1. Let q be u(-6). Suppose 4*f - 1 + 21 = 0, 5*w + 20 = -q*f. Let x(c) = 4*c**2 + c - 1. What are the prime factors of x(w)?
2
Suppose 21 = c - 2*p, -5*c + p + 81 = 3*p. Suppose -5*d + 28 = -c. List the prime factors of d.
3
Let b(d) = d**2 + 7*d + 8. Let o be b(-6). What are the prime factors of -1 + (22/o - -1)?
11
Let i(d) = 15*d + 3. Let m be i(-3). Let y = 61 + m. What are the prime factors of y?
19
Let z(g) = -2*g + 1. Let i(m) = -4*m + 2. Let f(y) = 3*i(y) - 5*z(y). Let a be f(-1). Let u = a - -2. List the prime factors of u.
5
Suppose -2*r + 30 = 2. What are the prime factors of r?
2, 7
Suppose 3*v - 17 = p, -5*v + 25 + 4 = -2*p. Let n = v + -1. List the prime factors of n.
2
Let l = 182 - 164. What are the prime factors of l?
2, 3
Let f(g) = -g + 4. Let r be f(-7). Suppose -2 + r = c. Suppose -c = -k + z - 0, z - 35 = -3*k. What are the prime factors of k?
11
Let t(d) = d**3 - 8*d**2 + 2. Let l be t(8). Suppose -l*r + 12 = -32. List the prime factors of r.
2, 11
Let k be (-4)/14 + 8/28. Let h(t) = t**2 + t + 4. What are the prime factors of h(k)?
2
Let i = 17 - 12. Suppose i*k - 2*d = 16, 2*k - 2 + 7 = -3*d. Suppose 8 = k*c - 0. What are the prime factors of c?
2
Let q(k) = 3*k + 4. List the prime factors of q(3).
13
Suppose 5*b + 2*y = 145, 2*b + 3*b - 4*y = 175. List the prime factors of b.
31
Suppose 98 = 2*i - 98. What are the prime factors of i?
2, 7
Let g(o) = o**2 - 5*o + 2. List the prime factors of g(6).
2
Suppose 0 = 2*i + 22 - 132. List the prime factors of i.
5, 11
Let s(g) = g**3 - 10*g**2 - 10*g - 9. Let f be s(11). Suppose 4 = 3*h - 20. Suppose -h = -3*i - f. What are the prime factors of i?
2
Let g be (1*-1)/(-7 + 6). Let n = 6 - g. Suppose n*c = 2*c + 42. What are the prime factors of c?
2, 7
What are the prime factors of 3 - (2/(-13) - (-531)/(-13))?
2, 11
Let h(p) = p**2 - p + 16. List the prime factors of h(-7).
2, 3
Let h(p) = p**3 - 15*p**2 - p + 17. Let i be h(15). Suppose 5*b = -3*g + 84, -6*b + b - i*g = -81. What are the prime factors of b?
3, 5
Let c(b) = -b**3 + 3*b**2 + b - 1. Let p be c(3). Let s be (-2)/4 + 1/p. Suppose -3*i - 8 = -4*i - a, 2*i - a - 4 = s. What are the prime factors of i?
2
Let w(n) = -2*n - 7. Let j(y) = 2*y**2 - y + 3. Let p(f) = -f**3 - f**2 + 1. Let q(z) = j(z) - p(z). Let k be q(-4). What are the prime factors of w(k)?
13
Suppose 4*h - 5*z + 0 + 26 = 0, 0 = -2*h - z - 20. Let u = h - -27. List the prime factors of 4/u - (-1683)/81.
3, 7
Let w(m) = 3*m**2 + 5*m + 1. Let j(u) = -7*u**2 - 10*u - 3. Let c(i) = -4*j(i) - 9*w(i). What are the prime factors of c(5)?
3
Suppose 0 = k - 2 + 7. Let i(v) = -v**2 + v. Let s(c) = 6*c**2 + 3*c + 5. Let r(h) = -5*i(h) - s(h). What are the prime factors of r(k)?
2, 5
Let k(a) = 2*a. Let x be k(4). Let d(f) = f**2 - 7*f - 9. Let o be d(x). What are the prime factors of -11*(o + (-2 - -2))?
11
Suppose -4*q + 11 = 3*v + 1, 2 = -v. Suppose -r - 105 = -q*r. List the prime factors of r.
5, 7
Let m = 102 + -49. List the prime factors of m.
53
What are the prime factors of 33/(((-5)/(-15))/((-8)/(-6)))?
2, 3, 11
Let q be -1*-1*(-1 + 2). Suppose a = -4*w + 4*a + q, -5*w = -3*a + 1. What are the prime factors of (3/w)/((-4)/16)?
2, 3
What are the prime factors of -2 + 4 + 1 + 87?
2, 3, 5
Suppose 3*f - 5*z = f + 19, 0 = f - z - 8. Let b(o) = o**3 - 7*o**2 + 2*o + 2. List the prime factors of b(f).
2
Suppose 4*d - 67 = 265. List the prime factors of d.
83
Let m be (10/(-8))/(2/(-168)). Suppose m + 18 = 3*y. Suppose -4*a = 5*w - y, -3*w = -a - 3*a + 1. List the prime factors of w.
5
Suppose -5 = -u + 1. Suppose 4*h + 14 - u = 0. List the prime factors of (-4)/2*7/h.
7
Suppose -3*n - i + 7 = -2*i, -4*n = 3*i - 18. Suppose 2*z - 10 = -2*l - n*z, -2 = -l - 4*z. Let c = -1 + l. What are the prime factors of c?
3
Let d(r) = 8*r - 13. Let i(z) = 7*z - 13. Let s(m) = -4*d(m) + 5*i(m). What are the prime factors of s(10)?
17
Suppose 5*n - 5 = -3*p, 0 = p - 2*n + 8 - 28. Suppose 4 = -0*t + t. List the prime factors of t/p - (-33)/5.
7
Suppose 3*k - 38 = 46. Let i = 5 + k. List the prime factors of i.
3, 11
Suppose 48 + 12 = 3*d. Let h = 33 - d. What are the prime factors of h?
13
Suppose b - 25 = 30. List the prime factors of b.
5, 11
Let l be (11/(-4))/((-3)/24). Let c = 31 - l. What are the prime factors of c?
3
Let q = 3 - -21. Let v = 4 - 0. Suppose -4*i - v*f + q + 8 = 0, -4*f = -2*i - 14. What are the prime factors of i?
3
Let v = -21 - -21. Suppose 28 = 2*f - 4*t, -2*f + v = 4*t + 4. What are the prime factors of f?
2, 3
Let t = 3 + 1. Suppose t*p - 246 = -86. What are the prime factors of p?
2, 5
Let l = 119 - 51. Suppose